tor of 182 and h.
91
Suppose 2*w - 4*s = 177 - 7, -53 = -w - 2*s. Calculate the highest common factor of w and 9959.
23
Let c(o) = -4*o**2 + 8*o + 138. Let a be c(0). Calculate the greatest common factor of a and 12.
6
Suppose -71493*c + 71491*c + 1216 = 0. Calculate the highest common factor of 475 and c.
19
Suppose 0 = -7*k + 49, 16 + 72 = 4*m - 4*k. What is the highest common divisor of 2813 and m?
29
Let h = 8973 - 1547. What is the greatest common factor of 94 and h?
94
Let z = -424 + 426. Let i be (z/3)/(19/4104). What is the highest common factor of 9 and i?
9
Let x(r) = -80*r - 10 + 1 + 90*r + 79*r**3. Let v be x(1). What is the highest common divisor of v and 64?
16
Let m be 7350/441*24/10. Let j(s) = -22*s + 6. Let b be j(-3). Calculate the greatest common factor of b and m.
8
Suppose 17*i - 22 = 29. Suppose 2*n + 62 = i*q, 3*n = 2*n - 1. What is the greatest common divisor of q and 550?
10
Suppose -53*y = -1878 - 658 - 591. Calculate the highest common factor of y and 4543.
59
Let j be 9314/10 + 74/(-185). Suppose 45*n - j = 44*n. Calculate the highest common divisor of n and 49.
49
Suppose -5*x = -b + 3017, -2*b + 295*x - 298*x = -6125. What is the greatest common factor of 7 and b?
7
Suppose 0 = -5*b - 846 - 374. Suppose 0 = -4*k + 3*i + 1747, i = 3*k - 4*k + 428. Let r = b + k. What is the greatest common factor of 21 and r?
21
Let v(l) = 108*l - 615. Let i be v(6). Let g be ((-26)/(-3))/(-13) - 58/(-6). What is the greatest common factor of g and i?
3
Suppose 15*h = 9*h + 396. Let t = h + -48. Calculate the highest common factor of 81 and t.
9
Suppose -4*j + 2*x + 3145 = -3345, 5*x + 25 = 0. What is the greatest common factor of j and 2340?
180
Let w(c) = 12*c + 129. Let u = 541 - 533. Let j be w(u). What is the greatest common factor of j and 25?
25
Let d(z) = 9*z + 106. Let a be d(-12). Let p be (-6 - -55) + (3 - (a + 3)). What is the greatest common divisor of p and 68?
17
Let f = 2318 - 1302. Calculate the highest common factor of f and 40.
8
Let f = -3984 + 4329. Calculate the highest common divisor of 375 and f.
15
Let h = 11413 + -11285. What is the greatest common divisor of h and 416?
32
Suppose -501 = -4*w + 15*z - 12*z, w = -3*z + 144. Calculate the greatest common factor of w and 559.
43
Let m be 7/(-4) + 218313/764. What is the greatest common divisor of m and 5609?
71
Suppose 59938 = 90*s + 30583 - 120585. Calculate the highest common factor of s and 4046.
238
Suppose -5*w - 240*w - 37*w = -52452. What is the highest common factor of 5828 and w?
62
Let y(m) = 6*m**2 - 7*m + 49. Let w be y(5). Suppose -5*f + 2*s = -400, -2*f + w + 12 = -4*s. Calculate the highest common divisor of f and 156.
78
Let k(v) = 12*v + 208. Let n be k(8). Let m(q) = q**2 - 29*q + 32. Let p be m(29). Calculate the highest common factor of n and p.
16
Suppose -4*k + b + 24 = 0, 2*b - 43 = -5*k - 0*b. Let o(i) = -2*i**3 + 15*i**2 - 5*i + 4. Let w be o(k). Calculate the highest common factor of 2 and w.
2
Let y = 238 + 275. Calculate the highest common factor of y and 152.
19
Let h be (-186)/(-8)*(-816)/(-153). Calculate the highest common divisor of h and 279.
31
Let n = 45 + -41. Suppose -k + 22 = 2*x - 3*k, -39 = -n*x - k. Suppose 2*p - 22 = x. What is the highest common divisor of 32 and p?
16
Suppose 0 = -2*g - 4*y + 1836 + 116, -2*g + 1953 = 3*y. What is the greatest common divisor of 18 and g?
6
Let n = 302 + 87. Let f = n + -376. What is the greatest common factor of 4 and f?
1
Let h(p) be the second derivative of p**4/6 + 37*p**3/6 + 10*p**2 - 2*p + 47. Let f be h(-20). What is the greatest common divisor of 160 and f?
80
Let d(q) = -687*q + 4425. Let s be d(-5). What is the greatest common divisor of s and 30?
30
Suppose -2118 = -v - 4*z, 3 - 12 = -3*z. What is the greatest common factor of v and 182?
26
Let v = -608 + 602. Let j be v + 7/35*1135. Calculate the greatest common divisor of j and 13.
13
Let p = 53 + -50. Suppose -2*f - 9 + 45 = 0. What is the highest common divisor of p and f?
3
Let d = 11 - -4. Let q be (-3 + (-6)/(-3))*d. Let z(j) = 2*j**2 + 17*j + 8. Let t be z(q). What is the highest common divisor of 29 and t?
29
Suppose -54*w - 29 + 353 = 0. What is the greatest common divisor of 465 and w?
3
Suppose -1724*a + 1723*a = 2*o - 36, -2*a + 70 = 3*o. Suppose 318 + 778 = 4*h. Let u = -50 + h. Calculate the highest common factor of u and a.
32
Let h(k) = -30*k**3 - k**2 - 5*k - 4. Let m(i) = i**3 + 1. Let j(b) = h(b) - m(b). Let x be j(-1). Calculate the greatest common divisor of 170 and x.
10
Let d = 40637 + -24354. Calculate the greatest common divisor of d and 38.
19
Suppose -3*s + 149 - 11 = 12. Suppose 1 - 17 = -3*c - 2*y, y = 2. Suppose -c*o + o = -21. What is the greatest common divisor of s and o?
7
Suppose 28*t = 31*t - 90. Suppose -t*u + 646 = -28*u. Calculate the highest common divisor of u and 34.
17
Let o = -2 - -28. Let m = 61600 - 61418. What is the highest common factor of m and o?
26
Let f be (730/511)/(1/287). Calculate the highest common factor of 1394 and f.
82
Let x be ((-2)/1)/((-4)/30). Let v(u) = 118*u - 7291. Let w be v(62). What is the highest common factor of x and w?
5
Let n(s) = -5*s - 38. Let x be n(-11). Suppose -x*q + 432 = -8*q. Calculate the highest common divisor of q and 120.
24
Let p = -89 - -117. Let d(q) = 2*q**3 - 9*q**2 + 7*q. Let l be d(6). Let h = 220 - l. What is the highest common factor of h and p?
14
Suppose -13693 = 19*l - 14301. What is the greatest common divisor of l and 144?
16
Let q(n) be the third derivative of 0*n + 0 + 13/24*n**4 - 17*n**2 + 1/60*n**5 + 1/2*n**3. Let b be q(-14). Calculate the highest common divisor of 119 and b.
17
Let j be (-120)/(7200/(-420)) - 1027/(-1). Suppose 0*y - 94 = -y. What is the highest common factor of y and j?
94
Let o = 5470 - 5452. Suppose -12 = -4*w + 3*w. Calculate the greatest common factor of o and w.
6
Let g(v) = -v**3 - 43*v**2 - 388*v - 169. Let h be g(-34). What is the highest common divisor of 27 and h?
27
Let t(a) = 1. Let f(k) = 12*k - 114. Let j(y) = -2*f(y) - 4*t(y). Let g be j(9). Calculate the highest common factor of g and 296.
8
Let m = 5517 + -5429. What is the greatest common factor of m and 2222?
22
Let n = -259 - -259. Suppose n = -5*l - 4*h + 1508, -h - 383 + 1585 = 4*l. What is the greatest common factor of 120 and l?
60
Suppose 5*v + j = -j + 44, j + 43 = 4*v. Suppose 4*y = -v*y + 476. What is the highest common divisor of 153 and y?
17
Let g(s) = -59*s + 1. Let h be g(-2). Let c be (-88)/5 + (-14)/35 - -3. Let j be (-5)/c - 100/(-6). What is the highest common divisor of h and j?
17
Suppose -5*x - 4*h = -3*h - 55, h = 5*x - 65. Let u be (-1 + 2 - -2)*(-20)/(-6). Let c be 13240/100 + (-4)/u. What is the greatest common factor of c and x?
12
Suppose 3288 = 7*l + 712. Suppose w + 0*w = 16. What is the highest common factor of w and l?
16
Let c = -304 + 327. Suppose -1592 = -4*n + 1176. Suppose 4*g + 4*l - n = 328, 5*g - 1255 = 5*l. Calculate the highest common divisor of g and c.
23
Let z = 1386 + -1230. What is the greatest common factor of 364 and z?
52
Let d(a) = 7*a + 44. Let m be d(-6). Suppose -2*c - 2 - 4 = -4*r, -2*r + m*c = -2. Calculate the greatest common divisor of 54 and r.
2
Let z(i) = 2*i**3 + i**2 - 4*i. Let s be z(4). Let c = -192 + s. Let q be (-15)/(-20)*c/(-2). Calculate the highest common divisor of 48 and q.
24
Let v be (-802)/(-26) + (-532)/91 + 6. Suppose -3*a + 3*b + 112 = v, 5*b = 4*a - 103. What is the highest common divisor of 32 and a?
32
Let q(p) = -5*p**3 + 3*p**2 - 6*p - 8. Let o be q(-1). Suppose o*a - 4*v = 11*a - 340, 5*a - 340 = 5*v. What is the greatest common factor of a and 4?
4
Suppose 56*v - 54*v - 584 = 0. Let p = v - 208. Suppose 4*d + 19 = -2*s + 77, -8 = -2*d. What is the highest common divisor of p and s?
21
Let j(n) = -23*n - 1. Let o be j(-1). Suppose -18*t = -o*t + 164. Let a = t + -34. What is the highest common factor of a and 28?
7
Suppose 13*b = 4*s + 10*b - 4242, -1054 = -s + 4*b. What is the greatest common factor of 236 and s?
118
Suppose -14*n - 111 = 23*n. Let f be (-9 - n) + (-27)/3 + 16. What is the highest common factor of 8 and f?
1
Suppose 118*m = 15*m + 115875. What is the highest common divisor of 125 and m?
125
Let q = -546 - -564. Suppose